-1351032 (base 6) in base 8?
-225634
323 (base 13) to base 11
448
-1127 (base 8) to base 2
-1001010111
Convert 89d (base 15) to base 9.
2604
What is -1983 (base 16) in base 3?
-22221220
14055 (base 7) to base 13
1974
Convert 1cbc (base 14) to base 2.
1010010001110
Convert 6317 (base 8) to base 13.
1653
What is -8347 (base 9) in base 7?
-23560
-20761 (base 9) to base 4
-3112300
What is 9b1 (base 12) in base 8?
2625
What is -11000001110 (base 2) in base 16?
-60e
Convert -230300 (base 4) to base 7.
-11231
What is -464 (base 12) in base 16?
-28c
Convert 17673 (base 8) to base 12.
484b
23140 (base 5) to base 8
3206
-2064 (base 14) to base 4
-1113020
420 (base 7) to base 9
253
-4a (base 12) to base 14
-42
What is -200020 (base 3) in base 10?
-492
What is 774 (base 9) in base 3?
212111
738 (base 15) to base 11
1250
Convert 96 (base 13) to base 14.
8b
What is 594 (base 12) in base 15?
3a7
What is -1b052 (base 12) in base 15?
-bbdb
-388 (base 9) to base 14
-191
-23b3 (base 12) to base 9
-5460
What is 198 (base 11) in base 9?
273
Convert 174 (base 15) to base 14.
19c
695 (base 16) to base 12
b85
What is 3b1 (base 13) in base 15?
2d6
Convert -325 (base 12) to base 8.
-715
14502 (base 6) to base 9
3182
-321604 (base 7) to base 11
-38a76
131304 (base 5) to base 4
1101110
What is -322032 (base 4) in base 9?
-5100
1204 (base 9) to base 12
627
Convert -31222 (base 6) to base 3.
-12202012
What is 303 (base 7) in base 13?
b7
What is 21202 (base 4) in base 16?
262
-253 (base 9) to base 13
-132
What is -6944 (base 14) in base 8?
-43560
What is 1200000 (base 3) in base 16?
4bf
-14946 (base 11) to base 16
-5270
What is -1367 (base 12) in base 7?
-6346
17031 (base 10) to base 8
41207
What is -8002 (base 14) in base 11?
-15549
What is -717 (base 8) in base 12?
-327
What is -42434 (base 6) in base 10?
-5782
-1001122 (base 3) to base 15
-368
What is -28a (base 12) in base 2?
-110001010
3342 (base 13) to base 11
5412
110010010101011 (base 2) to base 5
1311041
41a5 (base 16) to base 12
9885
565 (base 9) to base 8
720
What is 345 (base 9) in base 13?
18b
Convert -2b01 (base 13) to base 11.
-4776
-3677 (base 8) to base 6
-13103
What is -367 (base 9) in base 12?
-214
221012222 (base 3) to base 10
18386
-273c (base 13) to base 16
-15fc
What is -163 (base 9) in base 8?
-212
Convert 347 (base 16) to base 4.
31013
Convert 4121 (base 5) to base 9.
655
229b (base 14) to base 2
1011110000001
497 (base 13) to base 6
3412
What is 2101121 (base 3) in base 9?
2347
Convert -12122220 (base 3) to base 6.
-31040
Convert 33536 (base 7) to base 16.
2138
Convert 15586 (base 10) to base 15.
4941
What is -1211022111 (base 3) in base 4?
-20301232
-1e3 (base 16) to base 4
-13203
194e (base 16) to base 5
201403
Convert -22200021 (base 4) to base 6.
-531053
Convert 121312 (base 4) to base 6.
11354
What is -641 (base 15) in base 5?
-21121
What is 1977 (base 12) in base 11?
2382
Convert 10402 (base 7) to base 5.
40344
Convert -57217 (base 8) to base 9.
-36176
Convert 22 (base 12) to base 10.
26
1436 (base 9) to base 8
2076
-12002210 (base 3) to base 11
-2882
Convert -1be (base 15) to base 9.
-488
-26261 (base 9) to base 13
-80a7
-229 (base 11) to base 12
-1a9
Convert -15114 (base 7) to base 11.
-3157
Convert -68ab (base 14) to base 13.
-8379
Convert 22111 (base 5) to base 6.
11031
Convert 687 (base 11) to base 2.
1100110101
What is -1000000001 (base 2) in base 15?
-243
1371 (base 11) to base 6
12112
Convert 121022 (base 3) to base 4.
12320
What is -68b (base 15) in base 11?
-1127
What is 23b3 (base 14) in base 7?
24113
Convert -1040 (base 7) to base 13.
-227
-456 (base 8) to base 9
-365
-454 (base 9) to base 16
-175
-1011001111 (base 2) to base 6
-3155
Convert -216 (base 13) to base 2.
-101100101
22120210 (base 3) to base 9
8523
-36b (base 12) to base 10
-515
What is 171 (base 12) in base 8?
345
-32332 (base 5) to base 8
-4251
What is -2121011 (base 3) in base 5?
-30034
Convert -1469 (base 11) to base 14.
-990
What is -937 (base 12) in base 8?
-2473
Convert -29a2 (base 13) to base 3.
-22021222
Convert e5 (base 15) to base 13.
137
-3402401 (base 5) to base 15
-12a6b
-2032233 (base 4) to base 3
-110112100
What is 1011001010 (base 2) in base 4?
23022
-1387 (base 9) to base 12
-737
Convert -1130130 (base 4) to base 8.
-13434
-13004 (base 5) to base 11
-833
What is -9cb3 (base 15) in base 11?
-22a81
Convert 102010 (base 3) to base 15.
150
-21020100 (base 3) to base 12
-3076
What is -742 (base 13) in base 8?
-2325
Convert -1a63 (base 11) to base 13.
-125a
-11312232 (base 4) to base 9
-35806
What is -47b (base 15) in base 11?
-844
Convert 29a (base 14) to base 15.
253
111231 (base 5) to base 9
5358
What is 2a479 (base 12) in base 14?
17925
What is 211323 (base 4) in base 2?
100101111011
-12230222 (base 4) to base 9
-41562
Convert -3b0b (base 12) to base 9.
-10262
Convert -114 (base 11) to base 6.
-344
What is 2979 (base 10) in base 16?
ba3
What is 52 (base 11) in base 12?
49
-165 (base 15) to base 10
-320
Convert -4352 (base 11) to base 5.
-140434
-20c (base 14) to base 10
-404
Convert -1204 (base 10) to base 9.
-1577
What is 18472 (base 10) in base 5?
1042342
Convert -558 (base 11) to base 15.
-2e8
-6509 (base 12) to base 13
-5088
-3106 (base 10) to base 15
-dc1
What is -184ab (base 14) in base 9?
-103074
What is -210 (base 5) in base 12?
-47
Convert -15526 (base 7) to base 12.
-2651
22213112 (base 4) to base 16
a9d6
Convert -2233 (base 5) to base 15.
-163
What is 3679 (base 12) in base 15?
1c46
What is 1110011111001 (base 2) in base 6?
54201
112011221 (base 3) to base 11
784a
Convert -198 (base 10) to base 2.
-11000110
Convert -867 (base 10) to base 8.
-1543
What is -40021 (base 8) in base 16?
-4011
Convert 443 (base 10) to base 12.
30b
Convert 206b (base 13) to base 15.
14dd
What is -156773 (base 8) in base 12?
-28a77
What is -8 (base 13) in base 15?
-8
1c2 (base 14) to base 6
1410
Convert -111112 (base 5) to base 16.
-f43
-110010110000 (base 2) to base 14
-1280
What is -273 (base 13) in base 11?
-363
100110101011 (base 2) to base 3
10101200
Convert 3f6 (base 16) to base 11.
842
Convert 412543 (base 6) to base 13.
12066
-562 (base 9) to base 8
-715
-1100011111 (base 2) to base 12
-567
Convert -100200 (base 5) to base 12.
-1a07
1110100 (base 2) to base 11
a6
Convert -222530 (base 6) to base 14.
-6bb0
Convert -806 (base 11) to base 10.
-974
27a2 (base 12) to base 11
349a
1365 (base 15) to base 10
4145
Convert 11235 (base 8) to base 16.
129d
-455021 (base 6) to base 16
-9715
Convert -110011011001 (base 2) to base 11.
-2520
100012102 (base 3) to base 11
5048
What is 295 (base 12) in base 15?
1bb
1364 (base 7) to base 8
1030
What is 8de (base 15) in base 3?
2202102
What is 1100 (base 4) in base 5?
310
Convert 2343 (base 6) to base 10.
567
Convert 11b6c (base 14) to base 11.
2a686
560 (base 7) to base 12
1bb
What is -4b9 (base 14) in base 3?
-1022002
11022011 (base 3) to base 12
1994
-111 (base 10) to base 8
-157
Convert 1301 (base 8) to base 4.
23001
-60010 (base 8) to base 2
-110000000001000
11000001101001 (base 2) to base 13
5844
Convert -2010100 (base 3) to base 9.
-2110
-1166 (base 12) to base 11
-1513
Convert -11101100101001 (base 2) to base 10.
-15145
68c5 (base 15) to base 12
10a4b
688 (base 15) to base 7
4211
-346 (base 8) to base 11
-19a
What is 74e (base 15) in base 7?
4544
What is 5213 (base 7) in base 4?
130133
1f7 (base 16) to base 6
2155
Convert -11b6 (base 12) to base 7.
-5601
Convert 20002 (base 4) to base 3.
201001
-9a (base 11) to base 2
-1101101
Convert 12022 (base 5) to base 14.
475
Convert 10000000110000 (base 2) to base 16.
2030
Convert 11000001000101 (base 2) to base 8.
30105
Convert 34230 (base 5) to base 4.
212020
-1011110100 (base 2) to base 10
-756
-d970 (base 16) to base 6
-1105412
What is 932 (base 12) in base 15?
5de
Convert -25552 (base 6) to base 14.
-15b6
What is -20120 (base 3) in base 13?
-108
Convert -4268 (base 14) to base 15.
-35e0
Convert 1610 (base 9) to base 5.
14344
What is -4411113 (base 5) in base 8?
-224007
What is -202201102 (base 3) in base 5?
-440404
Convert -42253 (base 7) to base 11.
-7919
-24574 (base 8) to base 13
-4aac
3403 (base 5) to base 8
736
-266 (base 9) to base 7
-435
What is 321244 (base 6) in base 13?
bc32
-1300 (base 7) to base 2
-111101010
